- 3*o + 7 - 9. Calculate g(5).
4
Let u(z) be the second derivative of 17*z**3/3 - 81*z**2 + 5269*z. Determine u(4).
-26
Suppose q - 127 = -3*q - 5*s, q = s + 34. Let b be 44/q + 4/6. Suppose 0*g = -b*g - 14. Let i(t) = t**3 + 8*t**2 + 8*t + 10. Determine i(g).
3
Suppose 2*v + 534 - 548 = 2*x, -3*v = -2*x - 16. Let o(g) = -49*g - 4. Determine o(v).
-102
Let z be ((-14)/2 - -2) + (-234)/(-26). Let d(w) = -2 + w**3 + 89*w + 14*w**2 + 2 - z*w**2 - 80*w. Calculate d(-9).
0
Let n(a) = -194 - 3*a + 540 - 365 + 0*a. Determine n(-10).
11
Let o(z) = 0*z**3 - z**3 + 45*z - 9 - 56609*z**2 + 56608*z**2. Determine o(6).
9
Let d(v) = -v**3 - 16*v**2 + 39*v - 14. Let y = -1387 - -1369. Determine d(y).
-68
Suppose -3*d + 11 + 20 = -i, -2*i + 5*d - 61 = 0. Let h = -25 - i. Suppose 0 = -h*g + 2*g - 7. Let r(q) = q**2 + 8*q + 8. Determine r(g).
1
Let v(c) = 24*c. Let y(r) = r**3 + 11*r**2 - r + 30. Suppose -5*z = -4*b + 55, z - 2*b + 3*b = -11. Let q be y(z). Suppose q*i - 3 = 44*i. Calculate v(i).
-24
Let v(w) = 2*w + 7. Let t be 60/16 - 2/(-8). Let b = -146 + 185. Suppose -t*n + 11 = b. Determine v(n).
-7
Suppose -173*q - 145*q - 495 = -363*q. Let g(f) = -f**3 + 13*f**2 - 21*f + 14. Determine g(q).
25
Let v(f) be the first derivative of f**3/3 - 9*f**2/2 + 11*f + 1890. Determine v(8).
3
Let f(n) be the second derivative of 0 + 0*n**2 - 4*n - 1/3*n**3. Let s(u) = -2*u - 37. Let q be s(-17). Calculate f(q).
6
Let z(c) = -c + 6. Let b be z(10). Let v = 2 + b. Let s(a) = -5*a**2 + 10*a + 5. Let l(x) = -3*x**2 + 2*x + 1. Let p(f) = -2*l(f) + s(f). Determine p(v).
-5
Let r(n) = 9*n + 112. Let q be r(-13). Let b(l) = 2*l**2 + 5*l + 6. Let v(i) = 3*i**2 + 11*i + 10. Let z(s) = q*b(s) + 3*v(s). Determine z(8).
0
Let t(g) = g - 48. Suppose -4*i - 15*i = -3*i - 528. Calculate t(i).
-15
Let z = -37 + 42. Let k(g) = -9*g - 2. Suppose -d + 9 = -0*m - 4*m, -d - 4*m - 15 = 0. Let o(w) = -5*w - 1. Let h(t) = d*k(t) + z*o(t). Calculate h(-1).
-1
Suppose -3*m + 37 = -2*a, -m + 2*a - 6 = 5*a. Let w = 39 - 119. Let b be 6/m + w/(-15). Let s(k) = k**2 - 6*k + 9. What is s(b)?
9
Let s(l) = l. Let z(g) = -g**2 + 6*g + 73. Let d be z(-6). Let v(p) = 3*p**2 + 0 - 2*p**2 + 3. Let h(q) = d*v(q) - 5*s(q). What is h(4)?
-1
Let h = -12 - -10. Suppose 0 = -8*a + 7*a + 2. Let t(f) = -3*f + 2*f - f**2 - 2*f + a*f. Determine t(h).
-2
Let r(v) = 539 - 161 - 83 - 150 - 148 + v. Suppose -3*c - 2*c + 5 = 0. Let m be -1 + 0 + c*6. Give r(m).
2
Let w(u) = -5*u**3 - u**2 + 2*u + 2. Suppose 0 = -219*m + 226*m + 2079. Let h = 296 + m. Determine w(h).
4
Let f = 85 - 77. Suppose -20 = -4*j - f. Let h(d) = 21*d + 7. Let n(m) = -11*m - 3. Let w(c) = j*h(c) + 7*n(c). Calculate w(1).
-14
Let i(t) = -1 - 30*t + 2*t**2 + 26*t - 5*t**2. Let v be ((-400)/65 - (-50)/325) + 2. What is i(v)?
-33
Let c = -81 - -76. Let n(v) = 4*v - 21. Let o(y) = 10*y - 52. Let k(f) = c*o(f) + 12*n(f). Suppose -2 = -j + 5*a, 0 = 2*j - 0*a - 2*a - 12. Determine k(j).
-6
Let d be 3*((-350)/(-6))/(-5). Let k = d - -33. Let j be (-2 - 3) + 0 + k/(-2). Let b(v) = v**3 + 5*v**2 + 5*v - 3. Calculate b(j).
-7
Let f be (-19)/2*(-28)/(-5 + 19). Let d(a) be the second derivative of a**4/12 - 3*a**3 - 17*a**2/2 + 68*a. Give d(f).
2
Let i(u) = u**3 + 4*u**2 - 6*u + 1. Let n = -32 + -10. Let a = -3247 - -3210. Let b = n - a. Give i(b).
6
Let s(g) = g**3 - 2*g**2 - 3*g + 3. Let i = -251 - -252. Calculate s(i).
-1
Let p(u) = 17*u. Let h(i) = i**2 - 9*i + 14. Let w be h(8). Let k(g) = w*g - 7*g - 6*g + 3*g. Let y(o) = -26*k(o) - 6*p(o). Determine y(-6).
-12
Let d = -309722 + 309721. Let b(v) be the first derivative of -5*v**2/2 - 4*v - 1. Determine b(d).
1
Let t(p) = -p**2 + 17*p + 15. Suppose -q - 3127 = -4*q - 3085. What is t(q)?
57
Let i(t) be the first derivative of -t**3/3 + 11*t**2/2 + 7*t - 1079. Give i(11).
7
Suppose n + 3*g - 162 = -2*n, -3*g = -3*n + 192. Let v(y) = y**2 + 78*y + 856. Let o be v(-66). Let s = o - n. Let x(j) = -j - 3. Determine x(s).
-8
Let k(o) be the third derivative of o**4/24 + o**3/3 + 922*o**2. Let l = 11 + -6. Suppose 0 = -l*u - 2*r, -2*u + 3*r = -3*u. Give k(u).
2
Let w be (8/6)/((-5)/90*-2). Let i(j) = -j + w*j**2 + 4302 + 3*j**3 - 2*j**3 - 4306. Calculate i(-12).
8
Let x(v) = -6*v + 0 - 3 - 1 + 8*v. Let w(k) = -k**2 + 27. Let h be w(0). Let b = h - 19. What is x(b)?
12
Let y = -481 + 295. Let j = 179 + y. Let l(b) = b**2 + 6*b. Calculate l(j).
7
Let h be (2 - 3)*(-22 - 1)*3. Let o = 74 - h. Let s(r) = -5*r - 5. Determine s(o).
-30
Suppose 2*r - 64 = 10*r. Let i(d) = 2 - 11*d + 6*d - 6 + 2*d - 5. Calculate i(r).
15
Let j(y) = -y**2 + 8*y - 2. Let i = -80 + 29. Let q be (-1*i/(-2))/(9/12). Let p = 41 + q. Determine j(p).
5
Let n(w) = w + 2. Let q(i) = -i**2 - 8*i - 2. Let f(c) = -2*c**3 - 2*c**2 - 2. Let z be f(-2). Suppose -35 = z*b + 13. Let x be q(b). Determine n(x).
0
Let n(q) = 157 + 2*q - 151 + 5*q + 3*q**2 - 2*q. Determine n(-2).
8
Let c = -720789 + 720783. Let d(j) = j**3 + j**2 - j. Let t(l) = 4*l**3 - 2*l**2 - 9*l - 2. Let x(g) = -5*d(g) + t(g). Calculate x(c).
-14
Suppose 0 = 25*g + 17*g + 1008. Let p be 60/21 - (g/21 - -1). Let o(k) = -k - 1 + 3 + 2. Determine o(p).
1
Suppose -4*i - 82*n + 77*n = -11, -n = 5*i - 40. Let t(j) be the third derivative of 0*j - 1/24*j**4 + 0 + i*j**2 + 8/3*j**3. Give t(7).
9
Let k(t) = -4*t + 36. Suppose -5*g - 3*i = -7*g + 3, -i + 5 = 0. Determine k(g).
0
Let x(g) = -g**2 + 13*g + 60. Let z be x(17). Let c(d) = d**2 + 4*d - 17. What is c(z)?
15
Let d(s) = -11*s + 86. Suppose 70*x - 15 - 1095 = 80. Determine d(x).
-101
Let u = 1 + 5. Let p(v) = v**3 + 9*v**2 + 19*v - 4. Let j be p(-5). Let h(a) = -40*a + 0*a**2 + j - 38*a + 2 + a**2 + 71*a. Determine h(u).
-3
Let f(d) = -17*d**2 - 20*d - 1. Let s(k) = -5*k**2 - 6*k. Let w(i) = 2*f(i) - 7*s(i). Calculate w(0).
-2
Let g = -19114 - -19098. Let n(f) = 4*f + 50. Determine n(g).
-14
Let j(m) = 41*m + 139*m - 4*m**2 + m**3 + 2 - 9*m**2 - 144*m. Determine j(4).
2
Let r(z) be the first derivative of 97 - 3*z + 1/3*z**3 + z**2. What is r(-2)?
-3
Let n(p) be the first derivative of -p**4/4 - 5*p**3 - 19*p**2/2 - 14*p + 1720. Calculate n(-13).
-105
Let g(v) = v + 5. Suppose 7 = -2*n - 11. Let k(a) = -7*a - 5. Let q(x) = 3*x + 3. Let l(h) = 2*k(h) + 5*q(h). Let c be l(n). Determine g(c).
1
Let p(d) be the third derivative of -d**6/120 + 7*d**5/60 + 5*d**4/8 - 11*d**3/2 + 127*d**2. Determine p(8).
23
Let p(x) = -x**3 + 14*x**2 - 27*x - 14. Let u(q) = -17*q**2 + 594*q + 47. Let m be u(35). What is p(m)?
-50
Let g = -666 + 1214. Let r = -537 + g. Let m(o) = -o + 8. Calculate m(r).
-3
Let o = 34259 + -34259. Let d(g) = g**3 - g**2 - 12*g - 5. Determine d(o).
-5
Let t(n) be the first derivative of n**3 + 7*n**2/2 + 68. Let j be t(-3). Let q(r) = -7*r + 10 + 4 + r**2 - 5. Calculate q(j).
3
Suppose -25*b + 30*b + 28 = -k, 4*b + 2*k + 26 = 0. Let p(y) = y**3 + 3*y**2 + 2*y - 4. Give p(b).
-64
Let y(v) = 2*v**2 - 3*v - 6. Let c be y(-2). Suppose -2*k - 2 = -c. Let g(n) = 15*n**3 - 16*n**3 - 4*n**2 - 3 - k*n**2 - 4*n. Give g(-6).
-15
Let l(w) = -5*w**2. Let t be 52/(-390) + (-4)/(-30). Suppose -2*h - 3*m - 78 = m, t = 4*h + 2*m + 138. Let f be 1*-2 + (h - -36). Give l(f).
-5
Let q(r) = 4*r**2 - 12*r. Let a(y) = -3*y**2 + 11*y - 1. Let l(v) = 3*a(v) + 2*q(v). Let w be (-50)/15*(-12 + (-144)/(-15)). What is l(w)?
5
Suppose -9*g + 5*g - 26 = -3*p, -p = -3*g - 12. Let j(z) = 6*z - 17. Give j(p).
19
Let u(b) be the third derivative of -b**5/20 + b**4/12 + 23*b**3/6 - 9*b**2 - 18*b + 1. Calculate u(-4).
-33
Let g(u) = -u + 10. Let i be g(5). Suppose m + 1 = 2*x - 2*m, -i*x = -4*m - 6. Let y(p) = -6 + 13*p**2 - 10*p**x - 8*p**2 - 4*p + p**3. Calculate y(6).
6
Let a be (-52)/16 - 2/(-8). Suppose 2*s - 9*s + 28 = 0. Let w(c) = 8*c**2 - 25*c. Let n(i) = -3*i**2 + 9*i. Let r(l) = s*w(l) + 11*n(l). Calculate r(a).
-6
Suppose 31 = 7*i - 53. Suppose -i + 27 = w. Let s(k) = 12*k - 26*k - 6*k**2 + w*k. What is s(1)?
-5
Let p(b) be the third derivative of -2*b**4/3 - 16*b**3 - 5834*b**2. What is p(-7)?
16
Let l(w) = w**2 - 6*w - 13. Let i be 1/(-2)*(-1 + 1). Suppose -2*u + 5 + 9 = i. Let v be l(u). Let r(p) = p**2 + 5*p - 2. Give r(v).
4
Let o(x) = 4*x. Let f(k) = 23*k - 27*k - 1 + 2. Let u(d) = 3*f(d) + 4*o(d). Determine u(-2).
-5
Suppose -2*k - 2 = -m - 0*m,